{"id":35,"date":"2019-12-04T06:36:15","date_gmt":"2019-12-04T05:36:15","guid":{"rendered":"https:\/\/anton-stefanutti.de\/?page_id=35"},"modified":"2023-12-13T12:21:17","modified_gmt":"2023-12-13T11:21:17","slug":"kontakt","status":"publish","type":"page","link":"https:\/\/anton-stefanutti.de\/private\/kontakt\/","title":{"rendered":"Kontakt"},"content":{"rendered":"\n<p>Lieber Besucher, ich verzichte hier auf ein Kontaktformular aus DSGVO Gr\u00fcnden.<br>Sie k\u00f6nnen mit mir Kontakt aufnehmen per Email oder per Post.<\/p>\n\n\n\n<p>Anton Stefanutti<br> Seethal 63<br> 83236 \u00dcbersee<br> Email: anton@anton.stefanutti.de<\/p>\n","protected":false},"excerpt":{"rendered":"<p>Lieber Besucher, ich verzichte hier auf ein Kontaktformular aus DSGVO Gr\u00fcnden.Sie k\u00f6nnen mit mir Kontakt aufnehmen per Email oder per Post. Anton Stefanutti Seethal 63 83236 \u00dcbersee Email: anton@anton.stefanutti.de<\/p>\n","protected":false},"author":2,"featured_media":0,"parent":0,"menu_order":0,"comment_status":"closed","ping_status":"closed","template":"","meta":{"footnotes":""},"class_list":["post-35","page","type-page","status-publish","hentry"],"_links":{"self":[{"href":"https:\/\/anton-stefanutti.de\/private\/wp-json\/wp\/v2\/pages\/35","targetHints":{"allow":["GET"]}}],"collection":[{"href":"https:\/\/anton-stefanutti.de\/private\/wp-json\/wp\/v2\/pages"}],"about":[{"href":"https:\/\/anton-stefanutti.de\/private\/wp-json\/wp\/v2\/types\/page"}],"author":[{"embeddable":true,"href":"https:\/\/anton-stefanutti.de\/private\/wp-json\/wp\/v2\/users\/2"}],"replies":[{"embeddable":true,"href":"https:\/\/anton-stefanutti.de\/private\/wp-json\/wp\/v2\/comments?post=35"}],"version-history":[{"count":0,"href":"https:\/\/anton-stefanutti.de\/private\/wp-json\/wp\/v2\/pages\/35\/revisions"}],"wp:attachment":[{"href":"https:\/\/anton-stefanutti.de\/private\/wp-json\/wp\/v2\/media?parent=35"}],"curies":[{"name":"wp","href":"https:\/\/api.w.org\/{rel}","templated":true}]}}